17) + -35 + 1?
-51
What is the value of -78 - (73 + (-203 - -96))?
-44
Evaluate (-4 + 0 + -41 - -27) + 79.
61
What is the value of 8 + 36 - 32 - (7 - 36)?
41
Evaluate -611 + 560 + (4 - -19).
-28
What is the value of (59 - 37 - 139) + -5 + 46?
-76
-63 - -129 - (16 - 3)
53
What is the value of 113 + -187 - -62 - (-2 + 2 + 0 - 64)?
52
What is the value of -98 - (2 - 4) - (-35 - (-10 + -24))?
-95
Calculate (-106 - -85) + (-1 + -10 - -31 - 5).
-6
What is -1510 + 1509 - (-45 - 1)?
45
(153 - 171) + -3 + -5 - -18
-8
Evaluate (-5 - -17) + (53 + -37 - 42).
-14
(-23 - -4) + 22 - (1 + -9 + (140 - 37))
-92
1444 + -1374 - (1 + 0 + 0 + -3)
72
Evaluate -8671 - -8669 - (0 + (0 - 18)).
16
Evaluate ((-2 - (-11 - -4)) + -18 - 5) + -28 + 29.
-17
-14 + (-24 - (5 + -2)) + 356 + -352
-37
What is the value of -35 - (-16 - (-23 - 25 - -77))?
10
-24 - 128 - (-75 + 14)
-91
What is the value of 1 + -22 + (0 + -22 - (-34 + 71 + -53))?
-27
What is the value of 23 + (-9 + -2 + 5 + -7 + 10 - -7)?
27
(-62 - (147 - 97)) + 56
-56
3806 + -3707 + 2 + -6
95
-8 + (-2 - -33 - 104) + 7 + 0 + -1
-75
-78 - (-21 - (-14 + 4 - -15))
-52
20 + (13 + -16 - -18) + -67
-32
Evaluate -16 + (3 - 4) + 33 + -27.
-11
What is -47 + 25 + 167 + -88?
57
Evaluate 36 - (63 + -54 + (5 - -2 - 5)).
25
What is (0 - -8 - 18) + 0 + 58 + 7?
55
1 + (16 - (14 - 0) - 16) + 4 - -14
5
9 + -22 - -10 - 7 - (-9 - -9)
-10
Calculate (6 - 0) + -8 - (-2 + 8 + (-21 - -77)).
-64
What is (5 - -15) + -65 - (1 + 2 - 2)?
-46
What is the value of -415 - -430 - (-1 + -1 + 6 + -2)?
13
Calculate (15 - 10 - -5 - (5 - -5)) + (4 - 1).
3
Calculate 4 + -10 + 14 + -1 + 24 + (11 - 78).
-36
What is the value of 7 + -13 + (-16 - -2 - -14) + 7 - 67?
-66
Calculate (71 - 91 - (-6 - 4)) + -23.
-33
Evaluate 1 - -23 - (-113 + -14 + 84).
67
Evaluate 17 + 10 + -2 + 12 + -66.
-29
What is the value of 152 - ((160 - -84) + 9)?
-101
What is the value of 12 + (-3 - 1) - (6 + 38 + -17)?
-19
Evaluate 4 + 6 - ((-2 - -3) + -2) - (6502 + -6545).
54
Evaluate -2536 + 2522 - (-3 + -2 + 5 + -4 + -61).
51
What is -4 - (29 + -45 - 15)?
27
What is (1 - 1 - 2) + -2 - -9 - 52?
-47
Calculate 0 + 29 + 4 - ((-4 - 0) + -7 + 7).
37
18 + (2 - (-1 + 2) - 7) - 58
-46
What is the value of -2 + (-10 - (-23 - (9 + -19))) + -33?
-32
Calculate -5 + 32 + -7 + 12 + -4.
28
Calculate 5 + -27 + 8 + -14.
-28
1 + 1 + (1 - -6 - (-50 - -64)) + -2
-7
Calculate 118 - -3 - (14 - (35 - (24 + 8))).
110
What is the value of 34 + -2 + (17 - (9 - -1) - -1)?
40
Evaluate -806 + 788 + (-11 - -5) + 2.
-22
-3 - (31 - 31 - (-17 + 0)) - 95
-115
Evaluate -67 + (19 - (-15 - (16 - 41))).
-58
-5 + (16 - -31) + -82
-40
(-95 + -20 - (-57 + 29)) + -10
-97
Evaluate -76 + 95 + -57 + 85.
47
What is 7 + -4 + -5 + (-3 - -5) - 52?
-52
What is ((-1 - 0 - 0) + 8 - (3264 - 3252)) + 104?
99
What is 21 - (15 + (23 - -7))?
-24
Calculate (85 - (1 - -33)) + -51.
0
Evaluate -1 + -15 - (106 + (-54 - 28)).
-40
(21 - -120) + -15 + -30
96
Evaluate -3 - (-32 + (-17 + 16 - 20)).
50
What is the value of -43 + 7 + (-52 - -79)?
-9
Calculate -10 + 0 + 4 + -7 + -20 + 31.
-2
Evaluate -6 + -8 + (-2 - (28 + -4)).
-40
(25 - 25) + 4 + (4 - 1) + 3 + -72
-62
(10 - (-3 + -1)) + -1 + -69
-56
17 - (-29 + 8 + -20 + 17)
41
Calculate -17 - (3 + (6 - 1) + 21 + -29).
-17
(147 - 208) + 103 + (9 - 0 - -2)
53
What is the value of (-17 - (-22 - 1)) + 13 + -10?
9
What is the value of -57 + (4 - 1) - -7 - (69 - 64)?
-52
Calculate -26 + 1 - (156 + -192).
11
Evaluate -63 + 1 + (-90 + 67 - -30).
-55
Calculate -8 + -1 + 9 + -15.
-15
Evaluate -14 - -45 - ((-13 - -20) + -4).
28
168 + -135 - (-12 - (-11 + 2))
36
What is 1 + -4 - (-7 - -29) - (1 - -58 - 55)?
-29
What is 21 + (-19 - -7) + -65 + 22?
-34
What is 104 + -4 - (12 + -20 + 44)?
64
-29 + (8 - (1 + -1)) - 48 - -4
-65
What is the value of -392 - -507 - (17 - -17)?
81
Evaluate 45 - 12 - (1 + (-7 - -2) - (7 + -1)).
43
Calculate (-16 - 32) + 6 + (-2 - -7) - -6.
-31
Evaluate 37 - (32 + -44) - (4 - -8).
37
Calculate (-4 - -2) + -38 - (-5 + -12 + 14).
-37
What is 241 + -184 + 36 - (0 - 20 - 1)?
114
What is the value of -7 - (-31 + 35) - -16?
5
(3 - 3) + (-4 + 12 - 13) + 66 + 0
61
What is -43 - (-47 - (-92 + 81))?
-7
-259 + 306 + -2 + 7
52
What is the value of -8 + (-26 - 1) + 67?
32
What is (99 - 58) + -147 + 27?
-79
What is the value of (-2756 - -2722) + (13 - (4 + (-5 + 3 - -2)))?
-25
What is the value of -5 - (-75 + -3) - (726 - 704)?
51
What is the value of -1 - ((17 - (-16 + 20)) + -21)?
7
9 - (25 + -3 + (4 - (-20 - -27)))
-10
Calculate 11 - (2 - -47 - (10 - 2 - 17) - -12).
-59
What is -198 + 217 + -19 - (-1 + (-1 - -121))?
-119
(8 + (-2 - 0) - 0) + 40
46
Evaluate -34 + -9 + 55 - 79.
-67
Calculate 48 - -23 - 78 - ((-3 - -1) + -44).
39
What is the value of -4 - -33 - (1 + 2 + (38 - 21))?
9
Evaluate 114 + 4 + 694 + -743.
69
What is -20 + (-78 - (-176 - -46))?
32
What is -6 - ((4 - 19) + 0) - 29?
-20
Evaluate 4 - (123 - (-5 + 138)).
14
What is 4 - -40 - (5 + -1 - 2 - -4)?
38
What is the value of 24 + -12 + 15 - (-1 - (-11 + -2))?
15
What is (-11 - (16 + -20)) + 10 - (8 + -85)?
80
What is -5 + -20 + 29 + (5 + 5 - 4) + -7?
3
(-3 - (7 + -9 - 2)) + (2 - -1) + 4
8
What is the value of -37 - (28 - -3 - (-28 - -56))?
-40
Calculate 50 + 60 + -52 - 68.
-10
Calculate 33 - ((1 - -29) + (-5 - (-4 + 11))).
15
What is 0 - 66 - (-309 + 266)?
-23
Evaluate 2 - (3 + -6 - (34 - 63 - -27)).
3
Evaluate (1 + 3 - -1) + (135 - -104) + -96.
148
What is the value of 226 + -187 + -5 + (-6 + 11 + 1 - 0)?
40
Evaluate (111 - 124) + -89 + -7 + 8 + -8.
-109
Evaluate (41 - (106 - 52)) + -38.
-51
What is the value of (-83 - -68 - -71) + -35?
21
-46 + 38 + (20 - 23)
-11
(-133 + 113 - 42) + 112
50
What is (-12 - -5) + -5 + 9 + -3 + -26?
-32
What is 6 + -20 - (5 + (-3 - (2 + 0) - 61))?
47
Calculate ((46 - 0) + (7 - 6) - -1) + (-170 - -177).
55
Calculate (-1 + 5 - 3 - 4) + 735 + -756.
-24
What is the value of -37 - (-117 + 130 + (23 - 17))?
-56
(6 - -2) + (-17 + 20 - -14) + 34
59
(159 - 150) + -1 + 1 + -9 - -83
83
What is 9 - ((11 - (38 - 12)) + -39)?
63
Evaluate 7 + -11 + 160 + -125 - -36.
67
Evaluate 0 - (57 + -16) - 8.
-49
What is -271 - (-380 + 54) - (1 - -38)?
16
What is the value of (-29 - 45 - -28) + -28?
-74
What is the value of (-10 - (21 + -39 + -1)) + -56?
-47
153 - (119 + (-22 - 79))
135
What is (5 - (4 + 2)) + 1 + -21 + 19 + 15?
13
-47 + 100 + -44 - 23
-14
Evaluate 23 - (-140 + -62 + 242).
-17
What is the value of -1 + -2 - (25 + -4 + 40 + -96)?
32
Calculate 23 + (-66 - (30 - (-30 + 20 + 22))).
-61
22 + (-5 - (7 + 6)) + (15 - -3)
22
What is the value of -139 - (-9 - (23 - -35))?
-72
What is -53 - ((-10 - -2) + -48)?
3
Calculate -455 + 451 - (-8 - (-4 - 2)).
-2
-63 + 47 + -60 + 55
-21
Evaluate -18 + (-14 + -18 - (-64 + 80)).
-66
Evaluate -106 + (-29 - -27) + 16 + (-1 + -2 - 3).
-98
What is -2707 + 2762 - (7 + -1 - 2)?
51
Evaluate 496 - 590 - (-25 - -11).
-80
-1 - -22 - (25 + (194 - 182))
-16
Evaluate -3526 - -3532 - (0 + 2).
4
What is the value of (156 - 29 - 23) + (-6 - -12)?
110
What is -11 + 0 + 0 + -4 + 104 + -5?
84
(-18 - -27) + 6 + (0 - -91) + 0 + -11
95
(-17 - (-6 + 9 + (-10 - 4))) + 42
36
Evaluate -11 - (-2 - ((-9 - -64) + -16 - (6 - -3))).
21
-9 - (-26 + (16 - 49) + -1 + 16)
35
What is the value of 33 + -16 + (-157 - -171 - (-11 - 0))?
42
Evaluate (-16 - (11 + 0)) + 22 + 53.
48
Evaluate -33 + 86 + -27 + 48 + -12 + 2.
64
(-3 - 1 - 49) + 223 + -207
-37
61 + (-29 - -9 - 114)
-73
Calculate -61 + (-6 - (-35 + -5)).
-27
-12 - (-1 - (-36 - -83))
36
Evaluate -4 + (3 - (19 + -2)) + (-19 - -66) + -100.
-71
(-41 - -94 - -50) + -19 + 9
93
What is the value of -118 + (27 - (137 - 265))?
37
What is the value of (1 - (0 + -20 + -55 + 49)) + 40 + -35?
32
0 + 5 + -41 + 7 + (12 - 11 - 3)
-31
What is the value of (6 - (-3 - -32)) + (-3 - (17 - 7))?
-36
Evaluate 7 - 11 - (-1 - (-1 - 5)).
-9
Evaluate (-12 - -1) + (-7 + 1 - (-108 - (-6 - 18))).
67
117 + 40 - 87 - 55
15
Calculate (11 - -1) + -1 - (197 - (-2 + 187)).
-1
Evaluate -29 - (13 - (-61 - -82)).
-21
What is the value of -28 + 11 + 1 + 8?
-8
6 + -21 + 33 + 0 + (73 - 1)
90
What is -60 + 1 + -4 + -1 + 26?
-38
What is -128 + -2 - (65 + -42 + -52)?
-101
What is -29 - (-2 + -17) - 15 - -55?
30
What is the value of (-2 + -19 - 0) + (23 + -33 - -1)?
-30
8 + 10 + (-6 - (-2 + -4)) + 10 + -3
25
Evaluat